 Calculate m(h).
-6
Let x = 27 - -5. Suppose -3*v = -5*i - 34, 4*v - x + 5 = 3*i. Let n(a) = -2*a + 1. What is n(i)?
11
Let i(y) = y**3 - 28*y**2 + 95*y + 26. Let f be i(24). Let k(l) = l**2 - 5. Let o(j) = -j**2 + 6. Let g(t) = -5*k(t) - 4*o(t). Determine g(f).
-3
Let l(k) be the third derivative of -k**8/6720 + k**7/1260 + k**6/720 + k**5/120 - k**4/12 - 2*k**2. Let j(o) be the second derivative of l(o). Calculate j(2).
3
Let y(f) be the third derivative of 0*f - 1/8*f**4 + 26*f**2 + 0*f**3 + 1/30*f**5 + 0. Calculate y(3).
9
Let g(z) = -2*z - 10. Let n(k) = k + 8. Let l(q) = -6*g(q) - 7*n(q). Give l(-3).
-11
Let w = -461 + 468. Let r(h) be the first derivative of h**3/3 - h**2 - 9*h + 3. What is r(w)?
26
Let i(l) be the first derivative of -l**3/3 + 3*l**2/2 + 9*l + 11. Let w(c) = c**2 - 2*c - 10. Let m(d) = 3*i(d) + 2*w(d). What is m(7)?
-7
Suppose 4*a - 5 + 23 = 5*k, a = -k. Let s(t) be the third derivative of 0*t - 1/6*t**3 + 1/8*t**4 + 0 + 4*t**2. What is s(a)?
-7
Suppose -6*o + 9*o + 3 = 0. Let c be (o/(-3))/(3/(-45)). Let n(k) = -19*k**3 + 60*k**3 - 6*k**2 - 22*k**3 - 20*k**3 - 8*k - 5. Determine n(c).
10
Suppose 47*a = 39*a + 360. Suppose 12*x = -a - 51. Let l(t) = -t - 7. Give l(x).
1
Let r(x) = x**2 - 3*x - 5. Let w(s) = -s**2 + s + 2. Let l(i) = -3*r(i) - 7*w(i). Let o be (-1 + 3 + 9)/(-1). Let j = 10 + o. Give l(j).
3
Suppose 0 = -0*w + 3*w + 3. Let r(i) be the third derivative of -5*i**4/24 - 2*i**2. Let d be r(w). Let v(y) = y**2 - 6*y. Calculate v(d).
-5
Let i(z) = 3*z + 11. Suppose -4*f + 3*a + 235 = 0, a = -4*f + 5*f - 58. Let o = 53 - f. Calculate i(o).
-13
Let r(u) = u**3 - 15*u**2 + u - 10. Let g be r(15). Suppose 0 = -h - 0*h + g. Let y(f) = 0 + h + 0 - 2*f + 1. Determine y(5).
-4
Let z(u) be the third derivative of u**5/60 + u**4/8 + u**3/3 - 157*u**2. Give z(-4).
6
Let h(r) be the third derivative of -r**6/120 + 7*r**5/60 - 5*r**4/24 + r**3/6 + 2*r**2. Let b be -1 + -3 + 1 + 4/(-2). Let z = 1 - b. Calculate h(z).
7
Let j = 54 - 45. Let q(i) = i + 1 + j - 2*i - 9. Give q(2).
-1
Let p(b) be the third derivative of 0*b + 2*b**2 + 0 + 1/2*b**3 - 1/30*b**5 + 1/24*b**4. Let m(l) be the first derivative of p(l). What is m(2)?
-7
Let t be (4/6)/((-4)/6). Let x(c) = -8*c**2 - c. Calculate x(t).
-7
Let k(u) = 2*u - 4. Let v be (3/(-9))/((-1)/(-3)). Let h(z) = z - 1. Let l(f) = v*k(f) + 3*h(f). Suppose 0*s + 4*s - c = 8, -5*s - 4*c + 31 = 0. What is l(s)?
4
Let p(l) = -l**2 + 273*l - 4. Let u be p(0). Let t(z) = -4*z**2 - 2*z - 2. Let q(s) = -5*s**2 - 3*s - 2. Let k(b) = -5*q(b) + 6*t(b). What is k(u)?
2
Suppose -2*z + 16 = 3*i - 0*i, 2*i - z - 20 = 0. Let v = i - 9. Let t(w) = -16 + 14 + 8*w - 9*w. Determine t(v).
-1
Let q be (-5 - 7/(-2))*-2. Let k(u) = 4*u**3 - 4*u**q - 44*u - 6*u**2 - u**3 + 38*u. Let l be 4/(-18) - 301/63. Calculate k(l).
5
Let p(b) be the third derivative of b**5/30 - b**4/12 - 345*b**2. What is p(-2)?
12
Let n be (-2)/(-7) + 1460/35. Let r = -23 + n. Let a(g) = g**3 + r - 3*g**2 + 5*g + 15 - 37. Calculate a(3).
12
Let d(j) = j**2 - 8*j + 12 - 12. Let h = 570 - 561. What is d(h)?
9
Let k be 3 - (6 - 1 - 6). Let p(w) be the third derivative of 1/24*w**4 - k*w**2 + 0 - 2/3*w**3 + 0*w. Calculate p(3).
-1
Let m(a) = 4*a**3 + 2*a**2 - 3*a + 2. Let o be m(1). Suppose 0*d - p = d, o*p + 40 = 3*d. Suppose d*c = 5 + 15. Let r(n) = -n + 2. Determine r(c).
-2
Let z(d) = -2*d**3 + 7*d + 3*d**3 - d**2 + 4*d**2 + 4 + 2*d**2. What is z(-4)?
-8
Suppose 53 + 119 = 2*x. Let g be 21/126 - x/12. Let n(b) = b + 4. Give n(g).
-3
Let s(g) = 3*g**2 + 7*g**3 - 2*g**2 + 0*g**2. Let p(l) = l**2 + 5. Let x be p(0). Suppose 0 = 5*c - 0 + x. Calculate s(c).
-6
Suppose 5*s - 21 = -m - 9, -4*s = -2*m - 4. Let a(h) = -4*h + h + 5*h**2 + 1 + 2. What is a(m)?
17
Let t(h) = -h**2 - 2*h + 2. Let u be t(0). Suppose -1 = -k + u. Let i(j) = -j**2 + 2. What is i(k)?
-7
Let q(w) be the second derivative of w**4/12 + 10*w + 5. Suppose -6*o + 3*s + 10 = -o, -2*s = 4*o - 30. What is q(o)?
25
Let g be 4/(5/5) - -268. Let n(y) = -g*y + 5*y**2 - 2 - y**3 + y**2 + 275*y - 5. Give n(6).
11
Let i(w) = 2*w**2 - 7*w + 4. Let v(l) = 4*l + 12. Let p(x) = 2*x + 6. Let a = 10 - 16. Let c(t) = a*v(t) + 11*p(t). Let r be c(-5). Give i(r).
8
Let y(v) = 5*v**2 - 4*v + 2. Let l(c) = -27*c**2 + 21*c - 10. Let o(w) = 2*l(w) + 11*y(w). Calculate o(6).
26
Let n(f) = -9 - 8*f**3 + 9*f**3 + 8*f**2 + 5*f + 0*f**3. What is n(-7)?
5
Let y(p) = 0*p**3 + 7*p - 5*p**2 - 4 + 3*p**3 - 2*p**3. Let s(h) = -h**2 - h + 4. Let g(u) = -u - 6. Let i be g(-6). Let k be s(i). What is y(k)?
8
Let z(i) = 12*i**2 + i - 1. Let b = -56 - -71. Let a be (b/20)/(6/8). What is z(a)?
12
Suppose -5*r + 66 = -3*r. Let i(h) = 23 - r + 8 - h. What is i(6)?
-8
Let n be 0*(108/28 - 4)*-7. Let z(d) be the third derivative of 0 + n*d + d**3 - 1/60*d**5 + 1/24*d**4 - 5*d**2. Determine z(0).
6
Let x(w) = 8*w**2 - 2*w - 1. Let a(k) = -k**2 - 36*k - 129. Let v be a(-4). What is x(v)?
9
Suppose m + 8 = -3*m. Let b be 1*(-4 + 2)/m. Let k(u) = -u**2 - b + u**2 + 2*u + u**2 + 2*u. Give k(-5).
4
Suppose 5*u - 2*j + 560 = -4*j, -5 = j. Let p = -110 - u. Let m(z) = z**3 - z**2 - z - 7. Determine m(p).
-7
Suppose 4*t - 20 = -2*z - 2*z, 2*z - 5*t = -25. Let h(s) be the second derivative of -s**5/20 - s - 89. Determine h(z).
0
Let c(p) = -p + 2. Let b(u) be the third derivative of -u**5/30 + 5*u**4/12 - 2*u**3/3 - 8*u**2. Let t be b(4). Determine c(t).
-2
Let c(b) be the second derivative of b**5/20 - b**4/4 - b**3/6 - 4*b**2 - 9*b + 12. What is c(4)?
4
Let i(d) = d**3 - 6*d**2 - 8*d + 6. Suppose 0 = -2*a + 3*c - 14 + 13, -c = 3*a - 26. Give i(a).
-1
Let a(y) = -y + 1. Let m(t) = t - 2. Let c(o) = 8 + 0*o - 7 + 0*o - o. Let i(p) = 5*c(p) + 2*m(p). Let b(s) = 5*a(s) - 2*i(s). Determine b(6).
9
Let z(j) = 3*j + 6 - 4*j + 10*j**2 - j**3 + 0*j - 2 - 7*j**2. Determine z(-3).
61
Let p(c) = -c**2 - 8*c - 3. Let u(i) = -i**2 - 36*i - 43. Let a be u(-35). Determine p(a).
-3
Let q = -51 - -39. Let z be 12/(-8)*q/18. Let d(w) = -6*w. Give d(z).
-6
Suppose -3*t = -45 + 42. Let c(h) = h**3 + h - 1. Give c(t).
1
Let v(z) = -2 - 6*z - 4 + 4*z**2 + 8*z**2. Suppose -80 = -20*w + 4*w. Let q(s) = -s**2 + s + 1. Let u(a) = w*q(a) + v(a). Calculate u(-1).
7
Let i be (-13 - 2)/((-210)/252). Suppose 0 = -z + m - 21, 0 = 3*z - m + 2*m + 47. Let c = i + z. Let y(b) = -b. What is y(c)?
-1
Let w(o) = -11 - 6*o + 5*o**2 + 4*o**2 + 19*o - 2*o**2. Let x(d) = -4*d**2 - 7*d + 5. Let g(b) = 3*w(b) + 5*x(b). What is g(-6)?
4
Let o be -1*6*(-1 - 5)/(-6). Let a(b) be the first derivative of -b**3/6 + b**2/2 - b + 2. Let g(c) be the first derivative of a(c). Determine g(o).
7
Suppose 0 = -2*l + 4*l - 8. Let v(z) = z**3 + 2*z**2 + 13*z - 5. Let t(f) = f**3 + f**2 + 11*f - 5. Let c(d) = -6*t(d) + 5*v(d). What is c(l)?
1
Let u(i) = -i**3 + 4*i**2 - 5*i + 3. Let x(w) = w - 4. Let m be x(3). Let c(b) = b**3 - b**2. Let n(d) = m*u(d) - 2*c(d). Suppose f - 6*f = 20. What is n(f)?
9
Let m(u) = -u**2 - 4*u + 4. Suppose -5*h - 9 - 11 = 0. Let k be m(h). Let p(x) = 378 - 378 + 3*x. What is p(k)?
12
Suppose -5*s = 5*p + 5, -2*p + p - 2*s = 1. Let b(x) = 19*x + 1. Give b(p).
-18
Let q(w) = 3*w**2 + 5*w + 2. Suppose 3*u = 5*o - 15 - 10, -3 = -u - 4*o. Let k(p) = -p**2 - 5*p + 1. Let n be k(u). Let r = n - 4. What is q(r)?
14
Let v(w) = -w**2 - 2*w + 6. Let t be v(-3). Let l(u) = -2*u**2 - 7 + 20 - 2*u**2 + u**3 - 11 + 2*u. Determine l(t).
-1
Let q(b) = 3*b + 68108 - 5*b**2 - 68108. Determine q(2).
-14
Let p(s) = -3*s**3 - 14*s**3 + 2*s**3 + 14*s**3 + 15. Determine p(0).
15
Let q be 166/415*1*15. Let t(z) = -z**3 + 5*z**2 - z + 1. Determine t(q).
-41
Let m be (-253)/(-184) - (-6)/(-16). Let j(v) = 21*v**3 - 1. Give j(m).
20
Let w = 10 - 10. Let y(h) = -6 + 18 - 16 + w*h + 2*h. Calculate y(-3).
-10
Let s(c) = -15*c - c**3 - 6*c**2 + 17*c + 38 - 40. Determine s(-6).
-14
Let f(x) be the third derivative of -3*x**2 - 1/3*x**3 - 1/6*x**4 + 0*x + 0. Give f(-3).
10
Let t(g) = g**3 + 32*g**2 + 31*g + 9. Let m be t(-31). Let i(w) = 5*w - 8. What is i(m)?
37
Suppose 5*q - 2*c = 9*q + 16, 0 = 2*q - c. Let f(t) = -8*t**3 - 2*t**2 - 1. Give f(q).
55
Suppose -p = 5*b - 6*p - 40, 2*b = 3*p + 18. Suppose -b*v = -4*v. Let n(c) = c**2 + c + 13. Calculate n(v).
13
Let w(h) = -h**2 + 15*h